{"id":175,"date":"2013-03-07T03:00:17","date_gmt":"2013-03-07T02:00:17","guid":{"rendered":"http:\/\/www.akebakkeskogen.no\/?page_id=175"},"modified":"2023-09-12T18:53:22","modified_gmt":"2023-09-12T17:53:22","slug":"175-2","status":"publish","type":"page","link":"https:\/\/www.akebakkeskogen.no\/?page_id=175","title":{"rendered":"Skader og forsikring"},"content":{"rendered":"<p><span style=\"color: #0099cc; font-family: Arial; font-size: medium;\"><b>FORSIKRING<\/b><\/span><\/p>\n<table border=\"0\" width=\"90%\">\n<tbody>\n<tr>\n<td width=\"100%\">N\u00e5r en skade oppst\u00e5r, kontaktes styrets ansvarlig i forsikringssaker, samt USBL. Prosedyre ved bygningsmessige forsikringssaker:<span style=\"color: #0099cc;\"><b><\/b><br \/>\n<\/span>Ved alvorlige skader (akutt vannlekkasje etc.) og hvor ingen fra styret er tilgjengelige, m\u00e5 en likevel skaffe h\u00e5ndverker snarest for \u00e5 begrense skadens omfang.\u00a0Eksempelvis kan en h\u00e5ndverker anskaffes gjennom d\u00f8gntjenesten til borettslagets forsikringsselskap.<span style=\"font-family: Arial; font-size: small;\"><b><span style=\"color: #0099cc;\">Videre saksgang er<\/span><\/b><span style=\"color: #000080;\">:<\/span><span style=\"color: #99ccff;\"><b><br \/>\n<\/b><\/span><\/span><\/p>\n<ol>\n<li><span style=\"font-family: Arial; font-size: small;\">Borettslagets forsikringsansvarlig fyller ut skademelding og sender den til USBL som registrerer skaden.\u00a0<\/span><\/li>\n<li><span style=\"font-family: Arial; font-size: small;\">USBL kontakter en takstkonsulent i forsikringsselskapet som avtaler besiktelse med beboeren.<\/span><\/li>\n<li><span style=\"font-family: Arial; font-size: small;\">Etter besiktigelsene utarbeides en takstrapport som beskriver hvilke arbeider som skal utf\u00f8res til hvilken pris.<\/span><\/li>\n<\/ol>\n<p><span style=\"font-family: Arial; font-size: small;\"><br \/>\n<b><span style=\"color: #0099cc;\">Etter dette m\u00e5 beboer f\u00f8lge opp<\/span><\/b><span style=\"color: #000080;\">:<\/span><br \/>\nReparasjonsarbeider skal utf\u00f8res som beskrevet i takstrapporten og rapporten overleveres til den h\u00e5ndverker som skal utf\u00f8re arbeidet. Beboer m\u00e5 selv avtale med h\u00e5ndverker som skal utbedre skaden.<br \/>\nFaktura for arbeidet sendes fra beboer til borettslaget som forskutterer regninger fra h\u00e5ndverkere f\u00f8r samlet erstatningskrav sendes til forsikringsselskapet.<\/span><\/td>\n<\/tr>\n<\/tbody>\n<\/table>\n","protected":false},"excerpt":{"rendered":"<p>FORSIKRING N\u00e5r en skade oppst\u00e5r, kontaktes styrets ansvarlig i forsikringssaker, samt USBL. Prosedyre ved bygningsmessige forsikringssaker: Ved alvorlige skader (akutt vannlekkasje etc.) og hvor ingen fra styret er tilgjengelige, m\u00e5 en likevel skaffe h\u00e5ndverker snarest for \u00e5 begrense skadens omfang.\u00a0Eksempelvis &hellip; <a href=\"https:\/\/www.akebakkeskogen.no\/?page_id=175\">Les videre <span class=\"meta-nav\">&rarr;<\/span><\/a><\/p>\n","protected":false},"author":1,"featured_media":0,"parent":152,"menu_order":0,"comment_status":"closed","ping_status":"closed","template":"","meta":{"footnotes":""},"class_list":["post-175","page","type-page","status-publish","hentry"],"_links":{"self":[{"href":"https:\/\/www.akebakkeskogen.no\/index.php?rest_route=\/wp\/v2\/pages\/175","targetHints":{"allow":["GET"]}}],"collection":[{"href":"https:\/\/www.akebakkeskogen.no\/index.php?rest_route=\/wp\/v2\/pages"}],"about":[{"href":"https:\/\/www.akebakkeskogen.no\/index.php?rest_route=\/wp\/v2\/types\/page"}],"author":[{"embeddable":true,"href":"https:\/\/www.akebakkeskogen.no\/index.php?rest_route=\/wp\/v2\/users\/1"}],"replies":[{"embeddable":true,"href":"https:\/\/www.akebakkeskogen.no\/index.php?rest_route=%2Fwp%2Fv2%2Fcomments&post=175"}],"version-history":[{"count":3,"href":"https:\/\/www.akebakkeskogen.no\/index.php?rest_route=\/wp\/v2\/pages\/175\/revisions"}],"predecessor-version":[{"id":1412,"href":"https:\/\/www.akebakkeskogen.no\/index.php?rest_route=\/wp\/v2\/pages\/175\/revisions\/1412"}],"up":[{"embeddable":true,"href":"https:\/\/www.akebakkeskogen.no\/index.php?rest_route=\/wp\/v2\/pages\/152"}],"wp:attachment":[{"href":"https:\/\/www.akebakkeskogen.no\/index.php?rest_route=%2Fwp%2Fv2%2Fmedia&parent=175"}],"curies":[{"name":"wp","href":"https:\/\/api.w.org\/{rel}","templated":true}]}}