{"id":165,"date":"2013-03-07T02:54:28","date_gmt":"2013-03-07T01:54:28","guid":{"rendered":"http:\/\/www.akebakkeskogen.no\/?page_id=165"},"modified":"2020-11-24T19:59:52","modified_gmt":"2020-11-24T18:59:52","slug":"avfallssortering","status":"publish","type":"page","link":"https:\/\/www.akebakkeskogen.no\/?page_id=165","title":{"rendered":"Avfallssortering"},"content":{"rendered":"<p><span style=\"color: #0099cc; font-family: Arial; font-size: medium;\"><span style=\"color: #0099cc; font-family: Arial; font-size: medium;\"><b><span style=\"font-family: Arial; font-size: small;\">Referanse:<i> <\/i><i>Husordensregler \u00a73<\/i><i><br \/>\n<\/i><\/span><\/b><\/span><\/span><\/p>\n<table border=\"0\" width=\"90%\">\n<tbody>\n<tr>\n<td width=\"80%\"><span style=\"font-family: Arial; font-size: small;\">Akebakkeskogen borettslag \u00f8nsker \u00e5 v\u00e6re et gr\u00f8nt borettslag, hvor avfallssortering inng\u00e5r som en naturlig del. Ved \u00e5 v\u00e6re flinke med avfallssortering, er vi milj\u00f8bevisste, samtidig som vi sparer penger.\u00a0<\/span><span style=\"font-family: Arial; font-size: small;\">Derfor har vi fors\u00f8kt \u00e5 tilrettelegge best mulig\u00a0for dette. Det er hengt opp \u00abavfallsveivisere\u00bb ved alle s\u00f8ppelskurene, og merk blant annet f\u00f8lgende: <\/span><\/p>\n<p><span style=\"color: #0099cc; font-family: Arial; font-size: small;\">\u00abVanlig s\u00f8ppel\u00bb koster penger \u00e5 f\u00e5 fjernet<b> <\/b><\/span><\/p>\n<p><span style=\"color: #0099cc; font-family: Arial; font-size: small;\">Papir, papp og drikkekartonger hentes gratis<b> <\/b><\/span><\/p>\n<p><span style=\"font-family: Arial; font-size: small;\"><span style=\"color: #0099cc;\">Matavfall leveres i de gr\u00f8nne posene, plast i bl\u00e5 poser.<\/span><\/span><\/p>\n<p><span style=\"font-family: Arial; font-size: small;\">Glass og hermetikk kastes i containerne ved bussholdeplassen<\/span><br \/>\n<span style=\"font-family: Arial; font-size: small;\"><br \/>\nS\u00f8ppelberget i Oslo \u00f8ker med en million tonn \u00e5rlig! <span style=\"text-decoration: underline;\">Du<\/span> kan bidra til \u00e5 redusere problemet ved \u00e5 sortere avfallet ditt.<\/span><\/p>\n<p>Pr\u00f8v kildesorteringsappen: <a href=\"http:\/\/www.renovasjonsetaten.oslo.kommune.no\/dette_vil_jeg_bli_kvitt_avfallstyper\/\">http:\/\/www.renovasjonsetaten.oslo.kommune.no\/dette_vil_jeg_bli_kvitt_avfallstyper\/<\/a><\/td>\n<\/tr>\n<\/tbody>\n<\/table>\n","protected":false},"excerpt":{"rendered":"<p>Referanse: Husordensregler \u00a73 Akebakkeskogen borettslag \u00f8nsker \u00e5 v\u00e6re et gr\u00f8nt borettslag, hvor avfallssortering inng\u00e5r som en naturlig del. Ved \u00e5 v\u00e6re flinke med avfallssortering, er vi milj\u00f8bevisste, samtidig som vi sparer penger.\u00a0Derfor har vi fors\u00f8kt \u00e5 tilrettelegge best mulig\u00a0for dette. &hellip; <a href=\"https:\/\/www.akebakkeskogen.no\/?page_id=165\">Les videre <span class=\"meta-nav\">&rarr;<\/span><\/a><\/p>\n","protected":false},"author":1,"featured_media":0,"parent":152,"menu_order":0,"comment_status":"closed","ping_status":"closed","template":"","meta":{"footnotes":""},"class_list":["post-165","page","type-page","status-publish","hentry"],"_links":{"self":[{"href":"https:\/\/www.akebakkeskogen.no\/index.php?rest_route=\/wp\/v2\/pages\/165","targetHints":{"allow":["GET"]}}],"collection":[{"href":"https:\/\/www.akebakkeskogen.no\/index.php?rest_route=\/wp\/v2\/pages"}],"about":[{"href":"https:\/\/www.akebakkeskogen.no\/index.php?rest_route=\/wp\/v2\/types\/page"}],"author":[{"embeddable":true,"href":"https:\/\/www.akebakkeskogen.no\/index.php?rest_route=\/wp\/v2\/users\/1"}],"replies":[{"embeddable":true,"href":"https:\/\/www.akebakkeskogen.no\/index.php?rest_route=%2Fwp%2Fv2%2Fcomments&post=165"}],"version-history":[{"count":2,"href":"https:\/\/www.akebakkeskogen.no\/index.php?rest_route=\/wp\/v2\/pages\/165\/revisions"}],"predecessor-version":[{"id":1181,"href":"https:\/\/www.akebakkeskogen.no\/index.php?rest_route=\/wp\/v2\/pages\/165\/revisions\/1181"}],"up":[{"embeddable":true,"href":"https:\/\/www.akebakkeskogen.no\/index.php?rest_route=\/wp\/v2\/pages\/152"}],"wp:attachment":[{"href":"https:\/\/www.akebakkeskogen.no\/index.php?rest_route=%2Fwp%2Fv2%2Fmedia&parent=165"}],"curies":[{"name":"wp","href":"https:\/\/api.w.org\/{rel}","templated":true}]}}