{"id":1182,"date":"2020-11-24T20:55:13","date_gmt":"2020-11-24T19:55:13","guid":{"rendered":"http:\/\/www.akebakkeskogen.no\/?page_id=1182"},"modified":"2020-12-13T21:22:00","modified_gmt":"2020-12-13T20:22:00","slug":"graveplan-ladebokser","status":"publish","type":"page","link":"https:\/\/www.akebakkeskogen.no\/?page_id=1182","title":{"rendered":"Graveplan ladeanlegg"},"content":{"rendered":"\n<p>Mandag 14.12.2020 fortsetter gravearbeidene i forbindelse med ladeanlegget v\u00e5rt. N\u00e5 blir det graving oppover langs fortauet utenfor gr\u00f8nt felt i Akebakkeskogen, og skilter er satt opp for \u00e5 holde veien fri for parkering. Vi satser p\u00e5 at arbeidene fortsetter \u00e5 ha den gode kvalitet og effektivitet som det s\u00e5 langt har hatt.<\/p>\n\n\n\n<p><\/p>\n\n\n\n<div class=\"wp-block-file\"><a href=\"https:\/\/www.akebakkeskogen.no\/wp-content\/uploads\/20201123-Graving-Akebakkeskogen.pdf\"><strong>PDF<\/strong>: 20201123-Graving-Akebakkeskogen<\/a><a href=\"https:\/\/www.akebakkeskogen.no\/wp-content\/uploads\/20201123-Graving-Akebakkeskogen.pdf\" class=\"wp-block-file__button\" download>Last ned<\/a><\/div>\n\n\n\n<figure class=\"wp-block-image size-large is-resized\"><img loading=\"lazy\" decoding=\"async\" src=\"https:\/\/www.akebakkeskogen.no\/wp-content\/uploads\/20201123-Graving-Akebakkeskogen_I-1-1024x724.jpg\" alt=\"\" class=\"wp-image-1200\" width=\"1024\" height=\"724\" srcset=\"https:\/\/www.akebakkeskogen.no\/wp-content\/uploads\/20201123-Graving-Akebakkeskogen_I-1-1024x724.jpg 1024w, https:\/\/www.akebakkeskogen.no\/wp-content\/uploads\/20201123-Graving-Akebakkeskogen_I-1-300x212.jpg 300w, https:\/\/www.akebakkeskogen.no\/wp-content\/uploads\/20201123-Graving-Akebakkeskogen_I-1-768x543.jpg 768w, https:\/\/www.akebakkeskogen.no\/wp-content\/uploads\/20201123-Graving-Akebakkeskogen_I-1-1536x1086.jpg 1536w, https:\/\/www.akebakkeskogen.no\/wp-content\/uploads\/20201123-Graving-Akebakkeskogen_I-1-2048x1448.jpg 2048w, https:\/\/www.akebakkeskogen.no\/wp-content\/uploads\/20201123-Graving-Akebakkeskogen_I-1-424x300.jpg 424w\" sizes=\"auto, (max-width: 1024px) 100vw, 1024px\" \/><\/figure>\n\n\n\n<figure class=\"wp-block-image size-full is-resized\"><img loading=\"lazy\" decoding=\"async\" src=\"https:\/\/www.akebakkeskogen.no\/wp-content\/uploads\/20201123-Graving-Akebakkeskogen_II-scaled.jpg\" alt=\"\" class=\"wp-image-1194\" width=\"2560\" height=\"1810\" srcset=\"https:\/\/www.akebakkeskogen.no\/wp-content\/uploads\/20201123-Graving-Akebakkeskogen_II-scaled.jpg 2560w, https:\/\/www.akebakkeskogen.no\/wp-content\/uploads\/20201123-Graving-Akebakkeskogen_II-300x212.jpg 300w, https:\/\/www.akebakkeskogen.no\/wp-content\/uploads\/20201123-Graving-Akebakkeskogen_II-1024x724.jpg 1024w, https:\/\/www.akebakkeskogen.no\/wp-content\/uploads\/20201123-Graving-Akebakkeskogen_II-768x543.jpg 768w, https:\/\/www.akebakkeskogen.no\/wp-content\/uploads\/20201123-Graving-Akebakkeskogen_II-1536x1086.jpg 1536w, https:\/\/www.akebakkeskogen.no\/wp-content\/uploads\/20201123-Graving-Akebakkeskogen_II-2048x1448.jpg 2048w, https:\/\/www.akebakkeskogen.no\/wp-content\/uploads\/20201123-Graving-Akebakkeskogen_II-424x300.jpg 424w\" sizes=\"auto, (max-width: 2560px) 100vw, 2560px\" \/><\/figure>\n\n\n\n<figure class=\"wp-block-image size-full is-resized\"><img loading=\"lazy\" decoding=\"async\" src=\"https:\/\/www.akebakkeskogen.no\/wp-content\/uploads\/20201123-Graving-Akebakkeskogen_III-scaled.jpg\" alt=\"\" class=\"wp-image-1195\" width=\"2560\" height=\"1810\" srcset=\"https:\/\/www.akebakkeskogen.no\/wp-content\/uploads\/20201123-Graving-Akebakkeskogen_III-scaled.jpg 2560w, https:\/\/www.akebakkeskogen.no\/wp-content\/uploads\/20201123-Graving-Akebakkeskogen_III-300x212.jpg 300w, https:\/\/www.akebakkeskogen.no\/wp-content\/uploads\/20201123-Graving-Akebakkeskogen_III-1024x724.jpg 1024w, https:\/\/www.akebakkeskogen.no\/wp-content\/uploads\/20201123-Graving-Akebakkeskogen_III-768x543.jpg 768w, https:\/\/www.akebakkeskogen.no\/wp-content\/uploads\/20201123-Graving-Akebakkeskogen_III-1536x1086.jpg 1536w, https:\/\/www.akebakkeskogen.no\/wp-content\/uploads\/20201123-Graving-Akebakkeskogen_III-2048x1448.jpg 2048w, https:\/\/www.akebakkeskogen.no\/wp-content\/uploads\/20201123-Graving-Akebakkeskogen_III-424x300.jpg 424w\" sizes=\"auto, (max-width: 2560px) 100vw, 2560px\" \/><\/figure>\n\n\n\n<figure class=\"wp-block-image size-full is-resized\"><img loading=\"lazy\" decoding=\"async\" src=\"https:\/\/www.akebakkeskogen.no\/wp-content\/uploads\/20201123-Graving-Akebakkeskogen_IV-scaled.jpg\" alt=\"\" class=\"wp-image-1196\" width=\"2560\" height=\"1810\" srcset=\"https:\/\/www.akebakkeskogen.no\/wp-content\/uploads\/20201123-Graving-Akebakkeskogen_IV-scaled.jpg 2560w, https:\/\/www.akebakkeskogen.no\/wp-content\/uploads\/20201123-Graving-Akebakkeskogen_IV-300x212.jpg 300w, https:\/\/www.akebakkeskogen.no\/wp-content\/uploads\/20201123-Graving-Akebakkeskogen_IV-1024x724.jpg 1024w, https:\/\/www.akebakkeskogen.no\/wp-content\/uploads\/20201123-Graving-Akebakkeskogen_IV-768x543.jpg 768w, https:\/\/www.akebakkeskogen.no\/wp-content\/uploads\/20201123-Graving-Akebakkeskogen_IV-1536x1086.jpg 1536w, https:\/\/www.akebakkeskogen.no\/wp-content\/uploads\/20201123-Graving-Akebakkeskogen_IV-2048x1448.jpg 2048w, https:\/\/www.akebakkeskogen.no\/wp-content\/uploads\/20201123-Graving-Akebakkeskogen_IV-424x300.jpg 424w\" sizes=\"auto, (max-width: 2560px) 100vw, 2560px\" \/><\/figure>\n\n\n","protected":false},"excerpt":{"rendered":"<p>Mandag 14.12.2020 fortsetter gravearbeidene i forbindelse med ladeanlegget v\u00e5rt. N\u00e5 blir det graving oppover langs fortauet utenfor gr\u00f8nt felt i Akebakkeskogen, og skilter er satt opp for \u00e5 holde veien fri for parkering. Vi satser p\u00e5 at arbeidene fortsetter \u00e5 &hellip; <a href=\"https:\/\/www.akebakkeskogen.no\/?page_id=1182\">Les videre <span class=\"meta-nav\">&rarr;<\/span><\/a><\/p>\n","protected":false},"author":6,"featured_media":0,"parent":0,"menu_order":0,"comment_status":"closed","ping_status":"closed","template":"","meta":{"footnotes":""},"class_list":["post-1182","page","type-page","status-publish","hentry"],"_links":{"self":[{"href":"https:\/\/www.akebakkeskogen.no\/index.php?rest_route=\/wp\/v2\/pages\/1182","targetHints":{"allow":["GET"]}}],"collection":[{"href":"https:\/\/www.akebakkeskogen.no\/index.php?rest_route=\/wp\/v2\/pages"}],"about":[{"href":"https:\/\/www.akebakkeskogen.no\/index.php?rest_route=\/wp\/v2\/types\/page"}],"author":[{"embeddable":true,"href":"https:\/\/www.akebakkeskogen.no\/index.php?rest_route=\/wp\/v2\/users\/6"}],"replies":[{"embeddable":true,"href":"https:\/\/www.akebakkeskogen.no\/index.php?rest_route=%2Fwp%2Fv2%2Fcomments&post=1182"}],"version-history":[{"count":10,"href":"https:\/\/www.akebakkeskogen.no\/index.php?rest_route=\/wp\/v2\/pages\/1182\/revisions"}],"predecessor-version":[{"id":1211,"href":"https:\/\/www.akebakkeskogen.no\/index.php?rest_route=\/wp\/v2\/pages\/1182\/revisions\/1211"}],"wp:attachment":[{"href":"https:\/\/www.akebakkeskogen.no\/index.php?rest_route=%2Fwp%2Fv2%2Fmedia&parent=1182"}],"curies":[{"name":"wp","href":"https:\/\/api.w.org\/{rel}","templated":true}]}}